it of v?
5
Let g be 30/(-9)*6/4. Let j be (-21)/(-5) + g/25. What is the units digit of 1 + 6 + j + -3?
8
Suppose -9*k + 8*k - 7411 = -3*y, -5*y - 2*k = -12370. What is the units digit of y?
2
What is the hundreds digit of ((-492)/10)/((-10)/125)?
6
Let w(v) be the first derivative of 10*v**3/3 + v**2/2 + 3*v - 65. Let p = 0 + -2. What is the units digit of w(p)?
1
Let h(g) = 4*g + 2. Let p be h(1). Suppose 534 = -p*l + 2490. What is the tens digit of l?
2
Suppose 0 = -4*s + 4*h - 5*h + 9, -3*s - h = -6. Suppose s*b - 118 = 2*b. What is the units digit of b?
8
Let w(g) = g**2 - 2*g - 1. Let m(i) = -i**2 + 2*i. Let z(c) = -4*m(c) - 3*w(c). What is the units digit of z(9)?
6
Suppose 41 = 5*f - 104. Suppose -119 = -3*t - 5*x, -f - 47 = -2*t - 4*x. What is the units digit of (6 - 3) + t + 1?
2
Let u(m) = -4*m + 14. Let d be u(-20). Suppose -206 = -4*c + d. Let b = -37 + c. What is the tens digit of b?
3
Suppose 50*v - 12*v = 135736. What is the thousands digit of v?
3
Let x(u) = -90*u + 46. What is the hundreds digit of x(-20)?
8
Let z(d) = d + 2. Let a(h) = -4*h - 11. Let i(r) = -6*a(r) - 39*z(r). What is the tens digit of i(-7)?
9
Suppose 0*t + 75 = -5*l - 5*t, -2*l - 3*t - 34 = 0. What is the units digit of (1 - 0 - l)*(-27)/(-81)?
4
What is the units digit of ((-2104)/24)/((-3)/9)?
3
Let j(x) = -13 - 2*x + x**3 + 11 + 7 + 9*x**2. What is the units digit of j(-8)?
5
Suppose -27*o + 25*o = 4*q - 728, 4*q = -3*o + 1088. What is the tens digit of o?
6
Let m(l) = 4*l**3 + 2*l**2 - l - 2. Let w be m(-1). What is the units digit of -4 + 15 + (w - -2)?
0
Let p(d) = d + 10. Let j(x) = x**2 + 14*x + 18. Let f be j(-12). Let v be p(f). Let s = -3 + v. What is the units digit of s?
1
Let x(o) = -3*o + 5. Let r be x(-7). Let n(v) = v**2 - 2*v - 12. Let a be n(5). Suppose -d = -a*d + r. What is the tens digit of d?
1
What is the thousands digit of (-4 - -87)*(1 - -18)?
1
Let k = -57 - -59. Suppose 0 = -2*u - 8, 2*u = k*l + 6*u - 172. What is the units digit of l?
4
Let u(m) = -m**3 + 7*m**2 - 2*m. Let l be u(9). Let s = -113 - l. What is the tens digit of s?
6
Let t be (-15)/9*3 + 2. Let p be t + 40 - 1 - 1. What is the tens digit of (2 + 18)*42/p?
2
Suppose 45*i - 38*i - 28 = 0. Suppose -i*l + 833 + 108 = 5*c, -c + 193 = -4*l. What is the hundreds digit of c?
1
What is the thousands digit of 42/(-14)*(4 + 4794/(-9))?
1
Suppose -389 = 4*s - 3*c, -4*s = -c + 120 + 279. Let b = 184 + s. What is the units digit of b?
3
Suppose 3*w - 513 = -4*m, -m - 3*w + 131 - 5 = 0. What is the units digit of m?
9
Let f(z) = z + 10. Suppose 0*c + 2*j + 46 = 2*c, 2*c + 3*j = 36. Let a be f(c). Suppose s - 5*d = a, -2*s + 15 + 32 = -5*d. What is the units digit of s?
6
Let c(m) = -10*m + 4. Suppose 12*h - 20 = 16*h. What is the units digit of c(h)?
4
Suppose -4*m = -0*m - 12. Suppose 3*r + 15 = 0, 0 = -4*w + m*r + 363 + 324. What is the units digit of w?
8
Let b = 21 + -15. Suppose -28 - 17 = -5*t - 5*c, -t - b = -2*c. Suppose w - 20 = -v, t*v - 1 = 7. What is the tens digit of w?
1
Suppose -2904 = -4*q - 4*q. What is the hundreds digit of q?
3
Suppose 3*q - 7*q + 36 = 0. What is the units digit of q/(-21) + (-832)/(-14)?
9
Suppose -16*i = -2849 - 15. What is the tens digit of i?
7
Let z(t) = 6*t - 8. Let y(f) = -f + 4. Let v be y(9). Let g(m) = 3*m + 17. Let q be g(v). What is the units digit of z(q)?
4
Let g(d) = d**3 - 31*d**2 - 53*d - 10. What is the thousands digit of g(35)?
3
Suppose n = 7*n. Let a = 11 - n. Suppose -81 = 8*g - a*g. What is the tens digit of g?
2
Let j = 8 + -5. Suppose 85 - 1 = j*y. What is the tens digit of y?
2
Let k = -1044 - -1542. What is the tens digit of 2/(-13) - k/(-26)?
1
Suppose 0 = -2*d - z + 6311, 5*z - 10958 = -5*d + 4812. What is the tens digit of d?
5
Suppose 27*a = 20626 + 37451. What is the units digit of a?
1
Let y(f) = f**3 + 52*f**2 - 10*f - 54. What is the tens digit of y(-52)?
6
Suppose -24 = 3*x - 7*x. Suppose x*r = 10*r + 40. Let y(t) = -t**3 - 11*t**2 - 13*t + 9. What is the units digit of y(r)?
9
Suppose 60 = 3*k - 4*r - 1403, -25 = 5*r. What is the hundreds digit of k?
4
Suppose -7*p + 3*p + 3248 = -4*f, -1620 = -2*p - 2*f. What is the units digit of p?
1
Let x(j) = j - 17. Let h be x(22). Suppose -t - 2*b = -50, -2*t - h*b + 99 = -0*t. What is the units digit of t?
2
Suppose 0 = -6*t + 531 + 147. Suppose -4*w = -124 - 128. Let y = t - w. What is the units digit of y?
0
Let r(m) be the third derivative of m**5/60 + m**4/4 - 8*m**3/3 - 4*m**2. What is the units digit of r(8)?
6
What is the thousands digit of -10 + (-4 - -14) + 1905?
1
Let i = 5 - 23. Let w be 21/(-35) - i/5. Suppose -2*s = w*s - 65. What is the tens digit of s?
1
What is the tens digit of 2/(-3) + (-4528)/(-24)?
8
Suppose 60 = -5*v + d, 2*v - 5*d = 3*v + 38. Let z = v - -16. Suppose 16 = r + z. What is the units digit of r?
3
Suppose 0 = -3*r + 4*l + 28, -3*l = 4*r - l - 8. Suppose -4*j = -2*s + 134, -280 = -4*s - 0*s + r*j. What is the units digit of s?
3
Let u(p) = -9*p - 6. Suppose n = -0*c - c - 13, 4*c = n - 42. What is the units digit of u(c)?
3
What is the tens digit of 5/(280/(-95) + 3)?
9
Let n(x) = 70*x**2 + 11*x + 41. What is the units digit of n(-4)?
7
Let w(t) = t**2 + t - 2. Let u be w(3). Suppose -2*q + u = -6. What is the units digit of 101/4 - 2/q?
5
Suppose -r - 22 = -3*c - 0*r, -5*r = -3*c + 14. Suppose 0 = -c*j + 245 + 371. What is the units digit of j?
7
Let x(r) = r**2 - 8*r - 3. Suppose 4*n + 31 = -3*f, -n - 4 - 2 = -f. Let y be x(n). Suppose y = 6*q - 186. What is the tens digit of q?
4
Suppose 19*s - 31 = 83. Let y(j) = -j**3 - 2*j**2 - j + 1. Let l be y(-2). What is the units digit of l*2/(s/15)?
5
Let a(k) = 49*k - 5. Let m(n) = -73*n + 7. Let s(g) = 8*a(g) + 5*m(g). Suppose 3*q = 7*q - 8. What is the tens digit of s(q)?
4
Let x(u) = -u**3 - 16*u**2 - 15*u. Let i be x(-15). Suppose 4*o - 39 - 21 = i. What is the units digit of o?
5
Let r(f) = -989*f - 190. What is the hundreds digit of r(-2)?
7
Suppose -3*l = 2*k - 7, 4*k - 3*l - 24 = l. Suppose k*c - 199 - 71 = 0. What is the tens digit of c?
5
Let a = 4329 - 309. What is the units digit of a?
0
Suppose t - 19153 = -4*d, -22*d - 4*t = -17*d - 23933. What is the tens digit of d?
8
Let y = -75 - -78. Suppose 4*z = 2*j + y*z - 197, 5*z + 121 = j. What is the tens digit of j?
9
Let v be (-1)/(-2) - (-58)/4. Let x(f) = -f**2 + 20*f - 79. Let u be x(14). Suppose 0*r - 5*m = -2*r + 27, u*m - v = 0. What is the units digit of r?
1
Let y be ((-340)/25 + -2)*-20. Suppose q + y = 5*q. What is the tens digit of q?
7
Let h be (-81)/(-15) + (-2)/5. Let f(k) = -h*k + 3*k - 5*k - 6 - 5*k. What is the tens digit of f(-4)?
4
Suppose 245*w = 260*w - 55635. What is the units digit of w?
9
Suppose -4*i = -18 - 6. Let t(s) = 77*s - 77. Let m(b) = -13*b + 13. Let x(d) = i*t(d) + 35*m(d). What is the tens digit of x(4)?
2
Suppose 0 = 2*c + c - 5*s - 7, 5*c = 4*s + 3. What is the hundreds digit of 3/(3 + -2)*c - -145?
1
Let r(x) = -x - 1. Let n be (-3)/(-1)*(13 + -14). Let h be r(n). What is the units digit of 31 - -2*1/h?
2
Let d(z) be the second derivative of 49*z**3/6 + 3*z**2 + 3*z + 4. What is the units digit of d(4)?
2
Suppose 64492 = 55*x - 9*x. What is the thousands digit of x?
1
Suppose -u + 2*u + 3*v - 15 = 0, 4*v = 2*u - 10. Suppose 0 = x - 26 - u. What is the units digit of x?
5
Suppose -35 = -4*d - 3*j + 1, 5*d - 48 = -3*j. Let a(p) = d + 54 + 0 + 2*p. What is the tens digit of a(0)?
6
Let v = 76 + -10. Suppose 0 = -5*b + 7*b - v. What is the tens digit of b?
3
Suppose 3*q - 24 = -q. Suppose -5*c - 8*h = -12*h - 69, 84 = 4*c + 4*h. Suppose c = q*z - 229. What is the tens digit of z?
4
Suppose 4*y - 8*y = -48. Suppose y*x - x = 121. What is the units digit of x?
1
Let o(r) be the first derivative of -51*r**2/2 - 44*r - 1. What is the tens digit of o(-5)?
1
Let r(k) = 299*k + 21. What is the tens digit of r(6)?
1
Let b = 8 - 4. Suppose 5*h - 3*h = b. Suppose -82 = -5*r - h*u, 0*r - 46 = -3*r - 2*u. What is the tens digit of r?
1
What is the tens digit of 1216/6*39/4?
7
Suppose 2*k = -5*t + 9, -21 = 2*k - t - 0*t. Let c(m) = 2*m**2 - 6*m - 15. What is the units digit of c(k)?
1
Let l = -54 - -123. Let h = 79 - l. What is the units digit of h?
0
Let l = 45 + -44. Let m = 61 + l. What is the un